Suppose -2*a + 6 = -3*i + 23, -2*i - 3*a - 6 = 0. Suppose -168 = 2*g - i*g. Calculate the greatest common divisor of v and g.
21
Let r(q) = 3*q + 2. Let d be r(3). Let f = -5 + d. Suppose -u - 1 = -f. What is the highest common factor of 20 and u?
5
Let l be (-13 + 4)*(-2 - -1). Calculate the highest common divisor of 18 and l.
9
Suppose 0 = -5*f + 3*f + 28. Let j be 66/f + 6/21. Let c be (-2)/(-8) + 117/12. Calculate the highest common divisor of j and c.
5
Let b be (-8)/(-6)*(-21)/(-14). Suppose -m - m = b*s - 2, -4*m = 5*s. Calculate the greatest common divisor of 5 and m.
5
Let i(z) = -z - 5. Let l be i(6). Let n = l - -5. Let h be ((-9)/n + -2)*-8. What is the greatest common divisor of h and 28?
4
Let v = 23 + -3. Calculate the greatest common factor of v and 40.
20
Let b be 3/(-12) + 18/8. Suppose b*d + 115 = 7*d. Calculate the greatest common divisor of d and 115.
23
Suppose q = -j - 29, -2*q + 11 = -3*j - 81. Suppose 0 = -u + 2*u - 5. Let y be (32/(-6))/(u/j). What is the greatest common factor of 8 and y?
8
Suppose 2*g - 312 = -4*s, 3*g - 49 = -3*s + 188. Suppose 5*b = 4*b + s. Calculate the greatest common factor of b and 11.
11
Let w be 69/2*(-12)/(-18). Suppose 3*r - 22 = r. Suppose -m + a = -r, -a + 8 + w = 2*m. Calculate the greatest common factor of 154 and m.
14
Suppose 19 = 4*a - 25. Let f be -2 - -2 - 462/(-6). What is the greatest common divisor of f and a?
11
Let f(g) = 1. Let c(n) = 5*n**2 - 6*n - 3. Let v(m) = c(m) + 3*f(m). Let i be v(4). Calculate the highest common divisor of i and 8.
8
Suppose 5*o = 16 - 6. Let w(q) = q**2 + 2*q - 1. Let v be w(o). Let i = 8 - v. Calculate the highest common factor of i and 3.
1
Suppose 0 = -3*g - t + 156, 4*g - 2*t + 4*t = 208. Calculate the highest common divisor of g and 4.
4
Let r(p) = 84*p. Let a be r(2). Suppose -5*f - 2*l + 3*l + 102 = 0, -4*l + 96 = 4*f. Calculate the greatest common divisor of a and f.
21
Suppose -6*l + l + 15 = 5*b, 4*b + 20 = 4*l. Suppose q - 8 = -l. Suppose u + q*u - 240 = 0. Calculate the greatest common factor of 8 and u.
8
Let x(s) = -9*s + 11. Let n(z) = 17*z - 22. Let k(y) = 6*n(y) + 11*x(y). Let g = 16 - 7. Let b be k(g). Calculate the highest common factor of b and 48.
16
Suppose 3*u - c - 3*c = 21, 15 = 5*c. What is the highest common factor of u and 22?
11
Let p = 46 + -10. Calculate the highest common divisor of p and 18.
18
Suppose 0 = n + 5*v + 3, -v = 5*n + 3*v - 6. Suppose n = g - 2. Suppose -4*q + 14 + 8 = 3*m, -m = 3*q - 4. What is the highest common divisor of m and g?
2
Let c = -6 - -6. Suppose g = d - 4*g - 44, d + 2*g - 9 = c. What is the highest common divisor of 209 and d?
19
Let l = -210 + 310. Calculate the greatest common factor of l and 40.
20
Let d(j) = j**3 + j**2 + j. Let s be d(0). Let u be 4 + (-24)/(s + -4). Calculate the highest common factor of 20 and u.
10
Suppose 8 = 6*v - 2*v. Suppose -v*a = -4*a - 36. Let r = 26 + a. What is the greatest common divisor of 56 and r?
8
Let m be (-199)/(-5) + (-3)/(-15). Suppose 30 = 5*l - m. Calculate the greatest common divisor of l and 14.
14
Let v = -27 - -72. Suppose -31 = 2*w - v. Calculate the highest common factor of 7 and w.
7
Let b = 3 + 6. Calculate the highest common divisor of 27 and b.
9
Suppose -2*x = -5*a - 28, a - 28 = -0*x - x. Let s(h) = 19*h**2 + 3*h + 2. Let m be s(-2). Calculate the greatest common factor of m and x.
24
Let s be 300/(-24)*64/(-10). What is the highest common factor of s and 10?
10
Let j(b) = 3*b + 3*b - 5*b + 55. Let l be j(0). Suppose 0 = 3*t - 1 - 32. Calculate the greatest common factor of t and l.
11
Suppose 0 = -22*x + 21*x + 21. Calculate the greatest common divisor of x and 6.
3
Suppose s + 27 = 4*s. Let n(j) = j**2 + j - 8. Let k be n(0). Let u be -2 - (-332)/k*-2. Calculate the greatest common factor of s and u.
9
Let m be (60/(-16))/(6/(-32)). Suppose -236 = -3*x - m. Suppose 0 = 5*n - 2*c - 30, 6*c = 3*c + 15. What is the highest common divisor of x and n?
8
Let h(d) = -d**3 - 8*d**2 - 2*d - 11. Let t be h(-8). Suppose 0 = t*z + 20, -3*q - 4 = -4*z - 62. Calculate the greatest common factor of 7 and q.
7
Let m be 6/21 + 57/21. Suppose -m*c = c - 44. Calculate the greatest common divisor of 55 and c.
11
Let l = -7 - -8. Suppose -17 = -4*x - l. What is the greatest common divisor of 36 and x?
4
Let i(j) = j**3 - 2*j - 1. Let o be i(-2). Let l = o - -7. Let p be (-10)/((-1)/l - 0). What is the highest common divisor of p and 50?
10
Let t = 205 + -133. Let z = 813 - 795. Calculate the greatest common divisor of t and z.
18
Let l(b) = -b**3 + 11*b**2 + 2*b - 10. Let j be l(11). Calculate the greatest common factor of 3 and j.
3
Let r be -3 - (0 - 1) - -1. Let g = -1 - r. Suppose -v + 3*c + 14 = g, -3*c = -4*v + 23 + 24. Calculate the greatest common divisor of 33 and v.
11
Let f be 528/18 + 2/3. Suppose 2*c - 75 = -5*z, -2*c + 4*z + 0*z = -48. What is the highest common divisor of c and f?
30
Let l(s) = 26*s**2 + 6*s + 7. Let f(y) = -y - 1. Let n(h) = 6*f(h) + l(h). Let u be n(2). What is the greatest common factor of 15 and u?
15
Suppose -5*b + 4*b = -495. Calculate the highest common factor of 45 and b.
45
Let q = -20 - -18. Let i be 14 + -4 - (q - -1). Calculate the highest common divisor of i and 11.
11
Let g(b) = b**3 - 3*b**2 + 2*b - 4. Let v be g(4). Let s be (-868)/(-4) - (0 + -3). Suppose 0*n + n = s. What is the greatest common factor of v and n?
20
Suppose 2*p - 14 - 1 = 3*k, 2*k + 2 = 0. Calculate the greatest common factor of 8 and p.
2
Suppose -17 = -3*r + 22. Calculate the greatest common factor of 13 and r.
13
Let p(c) = -c**2 + 40. Let w be p(0). What is the highest common factor of w and 8?
8
Let z(q) = q**2 + 3*q - 4. Let x be z(4). Suppose -5*k + x = -156. Calculate the greatest common divisor of 12 and k.
12
Let z = 52 - 16. What is the highest common divisor of 54 and z?
18
Suppose -147 = -4*q + 5*o, 3*o = q - 0*o - 42. What is the highest common divisor of q and 3?
3
Let s(b) = -b**2 - 6*b + 2 + 6*b - 4*b**3 + b**3. Let a be s(-2). What is the highest common factor of a and 11?
11
Suppose -s - 3*w + 4 = w, -5*w - 58 = -4*s. What is the highest common divisor of s and 16?
4
Suppose -14*f + 15*f = 9. Suppose -243 = -2*x - x - 2*t, 2*x - 4*t = 162. Calculate the greatest common factor of f and x.
9
Let h = -62 - -64. Calculate the greatest common factor of h and 16.
2
Suppose 0 = 2*b - 23 - 5. Suppose 14*g - 419 = 169. Calculate the greatest common factor of b and g.
14
Let r = 0 + 3. Let p(l) = l**3 - l**2 - 3. Let o be p(r). What is the highest common divisor of o and 60?
15
Suppose 0 = 4*d + 4*k - 36, 2 = 3*d + k - 19. Suppose 0 = -2*y + 8, -4*r - y + d*y = 0. Let l = 10 + -5. Calculate the highest common factor of l and r.
5
Let c be (-550)/(-3) - 4/(-6). Let d be 4/14 - 1390/14. Let x = d + c. Calculate the highest common factor of 17 and x.
17
Suppose 0*j + 8 = 2*j. Suppose o - 3*w + 0 = 2, -34 = -3*o + 2*w. Let y = o - j. Calculate the greatest common factor of y and 25.
5
Let a(k) = k + 5. Let g be a(4). Suppose 3*l + 2*u - 9 = 0, -2*u - 2*u + g = 3*l. What is the greatest common divisor of l and 12?
3
Let p = -67 + 80. Calculate the greatest common divisor of 91 and p.
13
Let f be -5 + (1 + 2 - 3). Let i be (-2)/3*(-1 + f). Calculate the greatest common factor of 10 and i.
2
Suppose -4*z - 4*h = -3*h - 43, 4*h = 4*z - 28. Let m = 12 - z. What is the greatest common divisor of m and 6?
2
Let r = 50 - 21. Calculate the greatest common divisor of r and 145.
29
Let s(t) = 3*t**2 + t - 1. Let f be s(1). Let a(d) = d**2 + 11*d + 13. Let u be a(-10). Suppose 2 = u*k - 1. What is the highest common factor of f and k?
1
Let g be -4*(1 + 2 + 3). Let m be ((-6)/3)/4*g. What is the greatest common divisor of m and 30?
6
Suppose 0 = 5*z - 0*z. Suppose 5*b - 375 = -z*b. Calculate the highest common factor of 15 and b.
15
Suppose s + 3 = 5. Let m be ((-4)/6)/(s/(-6)). Suppose 0 = -m*l + r + 15, -r - 4*r - 26 = -3*l. What is the highest common divisor of l and 49?
7
Suppose v + 2 = 6. Suppose -5*l + 20 = 0, v*z - 2*z + 4*l = -96. Let j be z/(-10)*(-30)/(-4). What is the highest common factor of j and 6?
6
Let n = 13 + 7. Let i = -13 + n. What is the greatest common factor of i and 63?
7
Suppose 0*u = -u + 3. Suppose 0*m = u*m